culate -10 + 0 + (-45 - -41) + -29 + 12.
-31
Evaluate 30 + 1 + 24 + -5 + -36 + 6 + 0.
20
What is 15 + (6 - 2) + -8 + (-22 - -12) - -59?
60
Evaluate -37 + -12 + (43 - (-23 - -21)).
-4
What is -107 - -48 - -46 - -21?
8
What is the value of -20 + (2 - 6) + (18 + 0 - (123 + -115))?
-14
Calculate -3 + (27 + 1 - 6) + 19.
38
Evaluate 5 + (37 - 40 - ((11 - 0 - 9) + -1)).
1
Evaluate 61 + (2072 - 2107 - (-27 - 1)).
54
Evaluate -75 + 232 - -64 - 119.
102
What is the value of -12 + -6 + (-7 - -7) + (-6 - 16) + 16?
-24
What is the value of 5 + (-25 - 1) - (-31 + 43 + 4)?
-37
51 + 0 + (3501 - 3495 - (-1 - (-18 + 1)))
41
Calculate (-1183 - -1197) + 2 + -20.
-4
(7 - 3) + 53 - (-7 + 1 - (-4 - 1))
58
What is the value of (2 - 1) + (11 - (-3 - (21 + -33))) - -47?
50
Evaluate -17 - (-47 + (45 + -16 + -12 - 23)).
36
What is the value of -17 + (-49 - -82) - (0 + 24)?
-8
Evaluate (-1 - -1) + (-23 - (4 + (-29 - -13))) - 8.
-19
What is 26 + 1 + -29 + ((9 - 5) + -57 - 3)?
-58
What is the value of -78 - (6 + -7 - (-6 - 0) - (1 + 5))?
-77
Evaluate 9 - (107 + -94 + (0 - 0)) - -8.
4
Calculate 88 + 44 + -166 + 59.
25
576 - 560 - (-1 + -21)
38
Evaluate -45 + (-72 - -62) - -2.
-53
What is 2 + 15 + (3 - (-31 + 38 - -25))?
-12
What is 13 - (-3 + 23 + (13 - (10 + 14)) - -7)?
-3
Evaluate -825 + 825 + (-2 - 1 - -4 - -2) - 56.
-53
Calculate (-29 - (1 + -3)) + 9 - (16 + -21).
-13
What is -95 + 60 + -38 + -21 + (-1 - (0 - 15))?
-80
What is -116 + ((20 - -15 - 16) + -39 - -13)?
-123
Evaluate -45 - (13 - 5) - (-76 + 56).
-33
What is the value of -29 + (33 - (-36 + 50)) + (-3 - 105) + 4?
-114
(1 + -33 + 16 - -23) + -23 + (-1 - -1)
-16
Calculate (20 - 1) + (37 + 13 + 1 - 201).
-131
Calculate -62 + 2 + -1 - (15 - (39 + -48) - 30).
-55
What is (1 - -12) + (-16 - -15) + 65 - 0?
77
What is the value of 6 + 28 - (-65 + -22 - -24)?
97
Calculate 118 - ((-13 + 8 - -2) + (13 - 7)).
115
What is the value of 330 + -413 - (-44 - 12)?
-27
-18 + (8 + -11 + 7 - -10) + 25
21
What is 3 + -15 + 6 + -21 + -2 + 0?
-29
Calculate -55 + 101 + (60 - 91).
15
-10 + 2 - (-7 + -17) - 61
-45
Evaluate 29 + (-18 + 22 + -11 - 16).
6
39 - (15 - (-45 - -54))
33
What is -8 - (-71 + (-19 + 24 - (4 + -18)))?
44
2520 + -2506 - (-1 + -13)
28
57 - (-4 - (-70 + 58))
49
Evaluate -18 + 44 + (-20 - -26 - -25).
57
What is 21 - (-3 - -18 - -6)?
0
What is the value of -29 + (133 - 72 - -43)?
75
What is the value of -1283 + 1287 + (-12 - -3)?
-5
What is the value of (-42 - -3) + -1 - (-1195 + 1203)?
-48
What is the value of (26 - (-1 - -53)) + -9 + 0?
-35
-8 + (39 - 22 - 1 - -7)
15
-1 + (5 - (-13 + 4 + -1 - (-147 + 100)))
-33
Evaluate 66 - (34 - (8 - (2 + -15) - 7)).
46
What is the value of -52 + 42 - (34 - 81)?
37
Calculate 23 + (2 + 12 + -19 - 27).
-9
What is (11 + -50 - 18 - 23) + -33?
-113
Evaluate (-39 - -77 - (28 - 11)) + -27.
-6
-13 - (-7 - (-2 - (10 + (9 - (15 + -3)))))
-15
What is (0 - -22) + 0 + -29 + 16 + 22?
31
What is -16 + (-34 - (-73 + 22))?
1
Calculate 18 + -68 + 157 + -109.
-2
Calculate 44 + -10 + (-2 - 9).
23
What is -88 - (-164 + 90) - (-1 - -4 - 120)?
103
Calculate (0 + (-18 - 9) - 1) + (-35 - -20).
-43
-5 + -5 + 230 + -193
27
What is -40 + 1 + -1 - (-375 + 302 + (69 - 8))?
-28
Evaluate 2 + -6 + 1 - (6 - (-63 - -28)).
-44
Calculate 8 + -7 + -9 - -2 - -9.
3
What is the value of 61 + -63 - ((5 - (3 + -5)) + 32)?
-41
Evaluate (-2 - (-3 + 17 + (-61 - -40))) + 6.
11
Evaluate -25 + (-60 - (5 + -47)).
-43
What is the value of 40 - 8 - 1 - 46?
-15
(-52 + 34 - 34) + 51
-1
What is -7 - (-24 - (-12 - 17) - -61)?
-73
What is (-2 + -12 - -17) + 1 + -16 + 0 + 72?
60
What is (108 - 221) + (168 - -8)?
63
What is -11 + -2 + -5 + -39 + 20 + -52?
-89
What is (286 - 146) + -139 - (1 - 95)?
95
Evaluate (7 - 3) + 5 + 149 + -246 + (-6 - -1).
-93
-39 + (-8 + 1 - ((-54 - -113) + -58))
-47
What is the value of 4 + -19 + -51 + 59 + 11 - -111?
115
Evaluate (-78 - (-65 - -29)) + 34 - (19 + 0).
-27
Evaluate (23 - 1) + (-856 - -811).
-23
Calculate 10 + (-5 - (3 + -6)) - (-114 - -120).
2
Evaluate 2 - 17 - (-834 - -771).
48
-2 + (-17 + 25 - -54)
60
What is the value of 49 + -15 + 17 + -24?
27
Calculate (-36 - -42) + (-9 - (16 + -29)) - (8 - -1).
1
What is 0 - (-167 + 170 - (6 + 0 + -81 + 6))?
-72
What is -3 - -32 - (32 - 42)?
39
What is 13 - (-112 - -32 - (-5 + -3 - 5))?
80
What is (3 + 7 - 3 - -7) + -58 + 4?
-40
Evaluate 11 + -5 - -38 - (1595 - 1559).
8
What is -6 - 4 - -10 - 2 - (-86 + -11 + 5)?
90
(-210 + 68 - -184) + 90
132
Evaluate (276 - 280) + (-17 + -45 - 8).
-74
What is -10 + (-3 + 8 - (-19 - (-24 + 10)))?
0
What is the value of -27 + (-11 - (9 + -21 + -2)) + 2 + -1?
-23
Calculate (-34 - (-77 + 5)) + -3 + (-1 - 1 - -11).
44
Calculate (-6 - 3 - -17 - (7 - 9)) + 100.
110
Calculate -1 - -6 - (-40 + -30 - -53).
22
Calculate (-14 - (2 - 25)) + (-52 - (3 + 2)).
-48
Evaluate (-198 - -304) + -97 + -38.
-29
Calculate -162 + 10 - (-57 + -25).
-70
What is the value of (322 - 207) + (14 - (15 + 33))?
81
What is the value of 12 - (62 - 40 - 24 - (-17 - (-5 - -7)))?
-5
-46 + -61 - (-30 - 25)
-52
(4 - (-15 - 18 - -69)) + -101
-133
What is -39 + (7 - 2) - (-174 + 84)?
56
What is the value of 77 - 116 - (39 - 129)?
51
What is the value of 12 + 11 + -5 - (-845 - -945)?
-82
-6 + -3 + (12 - (-16 + 27 + 14))
-22
Calculate -4 + (-1 - 1) + 4 - (14137 - 14074).
-65
Evaluate 46 + (-13 - -34 - 106).
-39
(-29 + 19 - (1 - -1) - -11) + (9 - 12)
-4
What is -10 - (6 + (-4 - 0)) - (-3 + 0) - 33?
-42
-68 + 0 - (-10 - -2 - (-6 - -11 - 0))
-55
What is the value of 100 - (-44 - -34 - -16) - (-6 - (-1 + 1))?
100
Evaluate 16 - (6 + 184 + -108).
-66
What is (3 - 3) + 14 + (8 - 10 - -3)?
15
What is (2 - (-5 + 1)) + (-4 - 0) + 648 + -658?
-8
What is the value of 2 + -75 - (-126 - -171)?
-118
What is the value of 20 - ((21 - 5) + -40 + -22 + 61)?
5
What is (19 + 4 - -47) + -21?
49
What is -30 + 41 + 73 - 38?
46
(-27 - (-4 - (-2 + 5))) + 45 + 120
145
(-11 - (-6 + 44)) + 8 + -10 + 5
-46
Calculate -29 + 9 + -7 + (-16 - -5) + -4.
-42
Evaluate 1654 + -1654 - ((-9 - -1) + -1).
9
(7 - -1) + (11 - (9 - (-34 - -18)))
-6
Evaluate (13 - (-4 + 0 + 18)) + -3 - (53 + 25).
-82
What is the value of (383 - 525) + 205 + 10?
73
Calculate (-9 - -1) + 5 + (0 - (24 - 14)).
-13
What is the value of -50 + (-37 + 8 - (-91 + 84))?
-72
What is the value of 7 - ((24 - 30) + 29)?
-16
(-75 - 96) + 187 - (-44 + 2)
58
Calculate -3 - 4 - (39 - (1 - -199) - -1).
153
Calculate 114 + (1 + -2 + -3 + 7 - 2).
115
37 + (-78 + -12 - -49)
-4
What is the value of 542 - 519 - (1 - -51)?
-29
Evaluate (204 - -32) + -119 - 169.
-52
Calculate -26 + (29 - -35 - 71).
-33
What is (-1 - 2) + (92 + -78 - (1 - -8))?
2
Calculate 18 - (-25 + 11 + (114 - (-6 - -2))).
-86
10 - 1 - (93 - (1 + 33 - (450 - 439)))
-61
-53 - (12 + -48 + -75)
58
Evaluate (-8 - -131) + -5 + -18 + (-1 - -1 - 7).
93
What is the value of 98 - (32 + 22) - 4?
40
(1 - 0) + (-7 + -64 - -29)
-41
Calculate -68 + 70 - (-3 - (4 - 18)).
-9
Evaluate 4 - 3 - 25 - (35 - (-30 - -53)).
-36
What is -9 + (-13 - -6) + (52 - 59)?
-23
Calculate 41 - (-24 + (-103 - -95)).
73
What is -27 - (5 - 57 - (111 - 132))?
4
10 - (33 - 57 - -6)
28
Evaluate (-43 + 60 - 26) + (40 - 2) + 3 + -7.
25
Calculate -1211 + 1120 - (6 - -23).
-120
Evaluate 41 + (-168 - (-25 + -56)).
-46
What is the value of 23 - (9 - 23 - -8 - 16)?
45
What is the value of ((-29 - 35) + 14 - -28) + 60?
38
Evaluate (-21 - -13) + 12 + (13 - 11).
6
Calculate 9 - (7 - 8) - -5 - (-96 - -35).
76
What is the value of -64 + (67 + -10 - 22)?
-29
What is -24 + 0 - -2 - (-3837 - -3834)?
-19
What is the value of -52 + -5 - (53 + -2 + -78)?
-30
What is (30 - 63) + 41 + (-51 - -3 - -1)?
-39
Evaluate -66 + -4 + 4 + (-57 - -37 - -21).
-65
Calculate (-31 - -35) + (-9 + -6 - 8) + 41.
22
17 - -3 - -1 - (-109 + 91)
39
What is 20 + (33 + -19 - 11) + 6?
29
Calculate 35 + 2 - ((24 - -21) + -35).
27
What is 5 + 1 - (1 + 17 + (6 - 28))?
10
Calculate 266 + -107 + -168 - (-33 + 4).
20
84 + (-87 - -27) + 67
91
What is -3 + (-10 - -20) + -22 + 7?
-8
What is 27 + -20 + 2 + -62?
-53
Evaluate -38 + (146 - 140 - (-1 + 28)).
-59
What is -18 + (6 - 3 - 1) - (-11 + -83 + 83)?
-5
-2112 + 2080 - (1 + -49)
16
What is the value of (13 + -19 + (-9 - -18) - -15) + 16?
34
Calculate -4 + 1 + (-36 - -5) + 33 + -28.
-29
Calculate 30 + (-107 - -26) - 27.
-78
What 